{"id":38,"date":"2025-09-03T12:16:35","date_gmt":"2025-09-03T12:16:35","guid":{"rendered":"https:\/\/oliverrosenholm.fi\/?page_id=38"},"modified":"2026-01-13T15:33:46","modified_gmt":"2026-01-13T15:33:46","slug":"info","status":"publish","type":"page","link":"https:\/\/oliverrosenholm.fi\/?page_id=38","title":{"rendered":"Info"},"content":{"rendered":"\n<div class=\"wp-block-buttons is-content-justification-center is-layout-flex wp-container-core-buttons-is-layout-a89b3969 wp-block-buttons-is-layout-flex\">\n<div class=\"wp-block-button\"><a class=\"wp-block-button__link wp-element-button\" href=\"https:\/\/oliverrosenholm.fi\/\">Etusivu<\/a><\/div>\n\n\n\n<div class=\"wp-block-button\"><a class=\"wp-block-button__link wp-element-button\" href=\"https:\/\/oliverrosenholm.fi\/?page_id=38\">Info<\/a><\/div>\n\n\n\n<div class=\"wp-block-button\"><a class=\"wp-block-button__link wp-element-button\" href=\"https:\/\/oliverrosenholm.fi\/?page_id=44\">Keikat<\/a><\/div>\n\n\n\n<div class=\"wp-block-button\"><a class=\"wp-block-button__link wp-element-button\" href=\"https:\/\/oliverrosenholm.fi\/?page_id=46\">Promo<\/a><\/div>\n<\/div>\n\n\n\n<p><\/p>\n\n\n\n<p><strong><em>&#8221;Oliver Rosenholm on kokenut esiintyj\u00e4, joka ammattitaidollaan luo halutun tunnelman tilanteeseen kuin tilanteeseen&#8221;<\/em><\/strong><\/p>\n\n\n\n<p>Tehd\u00e4\u00e4n tilaisuudestasi ainutlaatuinen!<\/p>\n\n\n\n<p>Jokainen asiakas ja tilaisuus on ainutlaatuinen, jonka vuoksi jokainen esiintyminen suunnitellaan, sek\u00e4 r\u00e4\u00e4t\u00e4l\u00f6id\u00e4\u00e4n asiakkaan toiveiden mukaisesti tilaisuuteesi sopivaksi.&nbsp;<\/p>\n\n\n\n<p>Esiinnyn monenlaisissa tilaisuuksissa yksityisist\u00e4 juhlista isoihin tapahtumiin ja konsertteihin, jonka vuoksi my\u00f6s genre- ja musiikkivalikoima on laaja &#8211; Rock&#8217;n rollista balladeihin. T\u00e4ss\u00e4 on sinulle monipuolinen esiintyj\u00e4 festareista &#8211; hautajaisiin, jolta ei puutu hyv\u00e4\u00e4 meininki\u00e4, muttei my\u00f6sk\u00e4\u00e4n&nbsp; showglamouria!&nbsp;<\/p>\n\n\n\n<p><strong>&#8221;Aivan uskomattoman ihana \u00e4\u00e4ni\u2764\ufe0f Suuri nuori lupaus..\ud83e\udd70&#8221;&nbsp;<\/strong><\/p>\n\n\n\n<p><strong>-Asiakaspalaute<\/strong><\/p>\n\n\n\n<p><strong>&#8221; Olit meid\u00e4n reissumme piristys ja lauloit kyll\u00e4 tosi hyvin! Ei voi olla tulematta hyv\u00e4lle tuulelle, kun sinua kuuntelee\ud83d\ude0a Olet aito, oma itsesi ja sinua oli kiva katsella lavalla! My\u00f6s se, ett\u00e4 lauloit kappaleita laidasta laitaan, oli hyv\u00e4 juttu!\u2764\ufe0f&#8221; -Asiakaspalaute<\/strong><\/p>\n\n\n\n<figure class=\"wp-block-image alignright size-full\"><img loading=\"lazy\" decoding=\"async\" width=\"512\" height=\"512\" src=\"https:\/\/oliverrosenholm.fi\/wp-content\/uploads\/2025\/09\/cropped-o-4.jpg\" alt=\"\" class=\"wp-image-26\" srcset=\"https:\/\/oliverrosenholm.fi\/wp-content\/uploads\/2025\/09\/cropped-o-4.jpg 512w, https:\/\/oliverrosenholm.fi\/wp-content\/uploads\/2025\/09\/cropped-o-4-300x300.jpg 300w, https:\/\/oliverrosenholm.fi\/wp-content\/uploads\/2025\/09\/cropped-o-4-150x150.jpg 150w, https:\/\/oliverrosenholm.fi\/wp-content\/uploads\/2025\/09\/cropped-o-4-270x270.jpg 270w, https:\/\/oliverrosenholm.fi\/wp-content\/uploads\/2025\/09\/cropped-o-4-192x192.jpg 192w, https:\/\/oliverrosenholm.fi\/wp-content\/uploads\/2025\/09\/cropped-o-4-180x180.jpg 180w, https:\/\/oliverrosenholm.fi\/wp-content\/uploads\/2025\/09\/cropped-o-4-32x32.jpg 32w\" sizes=\"auto, (max-width: 512px) 100vw, 512px\" \/><\/figure>\n\n\n\n<h1 class=\"wp-block-heading\"><strong>-Oliverista-<\/strong><\/h1>\n\n\n\n<p>Oliver on alunperin kotoisin Luum\u00e4elt\u00e4, mutta nyky\u00e4\u00e4n h\u00e4n asuu viereisess\u00e4 kaupungissa Lappeenrannassa. Koko Suomi on silti tullut keikkojen my\u00f6t\u00e4 h\u00e4nelle kuitenkin hyvin tutuksi. Oliver on luontainen esiintyj\u00e4, joka teki ensimm\u00e4isen keikkansa taikurina jo kahdeksan vuotiaana. Nuoresta i\u00e4st\u00e4 huolimatta Oliver on kokenut esiintyj\u00e4 harrastuneisuutensa sek\u00e4 ammatti teatteri taustansa vuoksi. H\u00e4net on n\u00e4hty mm. Eri produktioissa Imatran kaupunginteatterin n\u00e4ytt\u00e4m\u00f6ll\u00e4, niin musikaalissa kuin my\u00f6s kahdessa puhen\u00e4ytelm\u00e4ss\u00e4. Vahva tausta luo pohjan rautaseille tulkinnalle. Viimeisimp\u00e4n\u00e4, Oliver osallistui The Voice Of Finland laulukilpailuun, jonka h\u00e4n voitti formaatin nuorimpana voittajana koskaan, ollessaan vain 16 vuotias.<\/p>\n\n\n\n<p><\/p>\n\n\n\n<p><\/p>\n\n\n\n<p><strong><em>&#8221; Ihon alle jokaisella kuuntelukerralla!\u2764\ufe0f Oliverin \u00e4\u00e4ni on ihan mielet\u00f6n.\ud83d\udc8e Ja jos \u00e4\u00e4ni on mielet\u00f6n, niin sit\u00e4 on koko ihminenkin!\ud83d\udc8e&#8221;&nbsp;    -Asiakaspalaute<\/em><\/strong><\/p>\n\n\n\n<p><strong><em>&nbsp;&#8221;Oliver on positiivinen sek\u00e4 r\u00e4iskyv\u00e4 tyyppi, jonka esiintymiset eiv\u00e4t ikin\u00e4 j\u00e4t\u00e4 kylm\u00e4ksi!&#8221;&nbsp;<\/em><\/strong>    <strong><em>-Asiakaspalaute<\/em><\/strong><\/p>\n\n\n\n<p><\/p>\n\n\n\n<p><\/p>\n\n\n\n<ul class=\"wp-block-social-links aligncenter is-layout-flex wp-block-social-links-is-layout-flex\"><li class=\"wp-social-link wp-social-link-instagram  wp-block-social-link\"><a href=\"https:\/\/www.instagram.com\/oliverrosenholm\/\" class=\"wp-block-social-link-anchor\"><svg width=\"24\" height=\"24\" viewBox=\"0 0 24 24\" version=\"1.1\" xmlns=\"http:\/\/www.w3.org\/2000\/svg\" aria-hidden=\"true\" focusable=\"false\"><path d=\"M12,4.622c2.403,0,2.688,0.009,3.637,0.052c0.877,0.04,1.354,0.187,1.671,0.31c0.42,0.163,0.72,0.358,1.035,0.673 c0.315,0.315,0.51,0.615,0.673,1.035c0.123,0.317,0.27,0.794,0.31,1.671c0.043,0.949,0.052,1.234,0.052,3.637 s-0.009,2.688-0.052,3.637c-0.04,0.877-0.187,1.354-0.31,1.671c-0.163,0.42-0.358,0.72-0.673,1.035 c-0.315,0.315-0.615,0.51-1.035,0.673c-0.317,0.123-0.794,0.27-1.671,0.31c-0.949,0.043-1.233,0.052-3.637,0.052 s-2.688-0.009-3.637-0.052c-0.877-0.04-1.354-0.187-1.671-0.31c-0.42-0.163-0.72-0.358-1.035-0.673 c-0.315-0.315-0.51-0.615-0.673-1.035c-0.123-0.317-0.27-0.794-0.31-1.671C4.631,14.688,4.622,14.403,4.622,12 s0.009-2.688,0.052-3.637c0.04-0.877,0.187-1.354,0.31-1.671c0.163-0.42,0.358-0.72,0.673-1.035 c0.315-0.315,0.615-0.51,1.035-0.673c0.317-0.123,0.794-0.27,1.671-0.31C9.312,4.631,9.597,4.622,12,4.622 M12,3 C9.556,3,9.249,3.01,8.289,3.054C7.331,3.098,6.677,3.25,6.105,3.472C5.513,3.702,5.011,4.01,4.511,4.511 c-0.5,0.5-0.808,1.002-1.038,1.594C3.25,6.677,3.098,7.331,3.054,8.289C3.01,9.249,3,9.556,3,12c0,2.444,0.01,2.751,0.054,3.711 c0.044,0.958,0.196,1.612,0.418,2.185c0.23,0.592,0.538,1.094,1.038,1.594c0.5,0.5,1.002,0.808,1.594,1.038 c0.572,0.222,1.227,0.375,2.185,0.418C9.249,20.99,9.556,21,12,21s2.751-0.01,3.711-0.054c0.958-0.044,1.612-0.196,2.185-0.418 c0.592-0.23,1.094-0.538,1.594-1.038c0.5-0.5,0.808-1.002,1.038-1.594c0.222-0.572,0.375-1.227,0.418-2.185 C20.99,14.751,21,14.444,21,12s-0.01-2.751-0.054-3.711c-0.044-0.958-0.196-1.612-0.418-2.185c-0.23-0.592-0.538-1.094-1.038-1.594 c-0.5-0.5-1.002-0.808-1.594-1.038c-0.572-0.222-1.227-0.375-2.185-0.418C14.751,3.01,14.444,3,12,3L12,3z M12,7.378 c-2.552,0-4.622,2.069-4.622,4.622S9.448,16.622,12,16.622s4.622-2.069,4.622-4.622S14.552,7.378,12,7.378z M12,15 c-1.657,0-3-1.343-3-3s1.343-3,3-3s3,1.343,3,3S13.657,15,12,15z M16.804,6.116c-0.596,0-1.08,0.484-1.08,1.08 s0.484,1.08,1.08,1.08c0.596,0,1.08-0.484,1.08-1.08S17.401,6.116,16.804,6.116z\"><\/path><\/svg><span class=\"wp-block-social-link-label screen-reader-text\">Instagram<\/span><\/a><\/li>\n\n<li class=\"wp-social-link wp-social-link-facebook  wp-block-social-link\"><a href=\"https:\/\/www.facebook.com\/oliver.rosenholm\/?locale=fi_FI\" class=\"wp-block-social-link-anchor\"><svg width=\"24\" height=\"24\" viewBox=\"0 0 24 24\" version=\"1.1\" xmlns=\"http:\/\/www.w3.org\/2000\/svg\" aria-hidden=\"true\" focusable=\"false\"><path d=\"M12 2C6.5 2 2 6.5 2 12c0 5 3.7 9.1 8.4 9.9v-7H7.9V12h2.5V9.8c0-2.5 1.5-3.9 3.8-3.9 1.1 0 2.2.2 2.2.2v2.5h-1.3c-1.2 0-1.6.8-1.6 1.6V12h2.8l-.4 2.9h-2.3v7C18.3 21.1 22 17 22 12c0-5.5-4.5-10-10-10z\"><\/path><\/svg><span class=\"wp-block-social-link-label screen-reader-text\">Facebook<\/span><\/a><\/li>\n\n<li class=\"wp-social-link wp-social-link-tiktok  wp-block-social-link\"><a href=\"https:\/\/www.tiktok.com\/@oliver.rosenholm\" class=\"wp-block-social-link-anchor\"><svg width=\"24\" height=\"24\" viewBox=\"0 0 32 32\" version=\"1.1\" xmlns=\"http:\/\/www.w3.org\/2000\/svg\" aria-hidden=\"true\" focusable=\"false\"><path d=\"M16.708 0.027c1.745-0.027 3.48-0.011 5.213-0.027 0.105 2.041 0.839 4.12 2.333 5.563 1.491 1.479 3.6 2.156 5.652 2.385v5.369c-1.923-0.063-3.855-0.463-5.6-1.291-0.76-0.344-1.468-0.787-2.161-1.24-0.009 3.896 0.016 7.787-0.025 11.667-0.104 1.864-0.719 3.719-1.803 5.255-1.744 2.557-4.771 4.224-7.88 4.276-1.907 0.109-3.812-0.411-5.437-1.369-2.693-1.588-4.588-4.495-4.864-7.615-0.032-0.667-0.043-1.333-0.016-1.984 0.24-2.537 1.495-4.964 3.443-6.615 2.208-1.923 5.301-2.839 8.197-2.297 0.027 1.975-0.052 3.948-0.052 5.923-1.323-0.428-2.869-0.308-4.025 0.495-0.844 0.547-1.485 1.385-1.819 2.333-0.276 0.676-0.197 1.427-0.181 2.145 0.317 2.188 2.421 4.027 4.667 3.828 1.489-0.016 2.916-0.88 3.692-2.145 0.251-0.443 0.532-0.896 0.547-1.417 0.131-2.385 0.079-4.76 0.095-7.145 0.011-5.375-0.016-10.735 0.025-16.093z\" \/><\/svg><span class=\"wp-block-social-link-label screen-reader-text\">TikTok<\/span><\/a><\/li>\n\n<li class=\"wp-social-link wp-social-link-spotify  wp-block-social-link\"><a href=\"https:\/\/open.spotify.com\/track\/2M1Rpr6KfXqogzfhSgnn8J\" class=\"wp-block-social-link-anchor\"><svg width=\"24\" height=\"24\" viewBox=\"0 0 24 24\" version=\"1.1\" xmlns=\"http:\/\/www.w3.org\/2000\/svg\" aria-hidden=\"true\" focusable=\"false\"><path d=\"M12,2C6.477,2,2,6.477,2,12c0,5.523,4.477,10,10,10c5.523,0,10-4.477,10-10C22,6.477,17.523,2,12,2 M16.586,16.424 c-0.18,0.295-0.563,0.387-0.857,0.207c-2.348-1.435-5.304-1.76-8.785-0.964c-0.335,0.077-0.67-0.133-0.746-0.469 c-0.077-0.335,0.132-0.67,0.469-0.746c3.809-0.871,7.077-0.496,9.713,1.115C16.673,15.746,16.766,16.13,16.586,16.424 M17.81,13.7 c-0.226,0.367-0.706,0.482-1.072,0.257c-2.687-1.652-6.785-2.131-9.965-1.166C6.36,12.917,5.925,12.684,5.8,12.273 C5.675,11.86,5.908,11.425,6.32,11.3c3.632-1.102,8.147-0.568,11.234,1.328C17.92,12.854,18.035,13.335,17.81,13.7 M17.915,10.865 c-3.223-1.914-8.54-2.09-11.618-1.156C5.804,9.859,5.281,9.58,5.131,9.086C4.982,8.591,5.26,8.069,5.755,7.919 c3.532-1.072,9.404-0.865,13.115,1.338c0.445,0.264,0.59,0.838,0.327,1.282C18.933,10.983,18.359,11.129,17.915,10.865\"><\/path><\/svg><span class=\"wp-block-social-link-label screen-reader-text\">Spotify<\/span><\/a><\/li><\/ul>\n\n\n\n<p><\/p>\n","protected":false},"excerpt":{"rendered":"<p>&#8221;Oliver Rosenholm on kokenut esiintyj\u00e4, joka ammattitaidollaan luo halutun tunnelman tilanteeseen kuin tilanteeseen&#8221; Tehd\u00e4\u00e4n tilaisuudestasi ainutlaatuinen! Jokainen asiakas ja tilaisuus on ainutlaatuinen, jonka vuoksi jokainen esiintyminen suunnitellaan, sek\u00e4 r\u00e4\u00e4t\u00e4l\u00f6id\u00e4\u00e4n asiakkaan toiveiden mukaisesti tilaisuuteesi sopivaksi.&nbsp; Esiinnyn monenlaisissa tilaisuuksissa yksityisist\u00e4 juhlista isoihin tapahtumiin ja konsertteihin, jonka vuoksi my\u00f6s genre- ja musiikkivalikoima on laaja &#8211; Rock&#8217;n rollista balladeihin. [&hellip;]<\/p>\n","protected":false},"author":1,"featured_media":0,"parent":0,"menu_order":0,"comment_status":"closed","ping_status":"closed","template":"","meta":{"footnotes":""},"class_list":["post-38","page","type-page","status-publish","hentry"],"_links":{"self":[{"href":"https:\/\/oliverrosenholm.fi\/index.php?rest_route=\/wp\/v2\/pages\/38","targetHints":{"allow":["GET"]}}],"collection":[{"href":"https:\/\/oliverrosenholm.fi\/index.php?rest_route=\/wp\/v2\/pages"}],"about":[{"href":"https:\/\/oliverrosenholm.fi\/index.php?rest_route=\/wp\/v2\/types\/page"}],"author":[{"embeddable":true,"href":"https:\/\/oliverrosenholm.fi\/index.php?rest_route=\/wp\/v2\/users\/1"}],"replies":[{"embeddable":true,"href":"https:\/\/oliverrosenholm.fi\/index.php?rest_route=%2Fwp%2Fv2%2Fcomments&post=38"}],"version-history":[{"count":7,"href":"https:\/\/oliverrosenholm.fi\/index.php?rest_route=\/wp\/v2\/pages\/38\/revisions"}],"predecessor-version":[{"id":94,"href":"https:\/\/oliverrosenholm.fi\/index.php?rest_route=\/wp\/v2\/pages\/38\/revisions\/94"}],"wp:attachment":[{"href":"https:\/\/oliverrosenholm.fi\/index.php?rest_route=%2Fwp%2Fv2%2Fmedia&parent=38"}],"curies":[{"name":"wp","href":"https:\/\/api.w.org\/{rel}","templated":true}]}}